*j - 2*i + 57, -5*j - 5*i - 55 = 0. Let f be 5/(3*4/j). Let g(b) = -17*b - 13. List the prime factors of g(f).
2, 3
Let o be (-2 + 4/6)/(94/(-141)). Suppose -10 = o*s, 4*q + 4*s = 3*q + 1790. List the prime factors of q.
2, 5, 181
Suppose 5*c + 14 = 4. Let r be 0 + 495 + -1 + c. What are the prime factors of (3 + -6)/(-3 - r/(-165))?
3, 5, 11
Suppose 2*o - 3*k - 1547 = 0, k = 3*o - 0*k - 2324. Let r = o - 487. What are the prime factors of r?
2, 3
Suppose -5*l + 2*m = -31232, 861*m = 2*l + 866*m - 12458. What are the prime factors of l?
2, 7, 223
Let q(h) = -7*h - 36. Let r(y) = 2*y**3 - 5*y**2 - 3*y + 7. Let f be r(4). Suppose -f = -6*n - 169. What are the prime factors of q(n)?
3, 37
Suppose 3588 = z - 2*d, -4*z - 5*d = -8*d - 14362. What are the prime factors of z?
2, 449
Let z = 20529 - 12988. What are the prime factors of z?
7541
Suppose 5*b + 2015 = 5*j, -b = j + 2*j - 1201. Suppose u = 2*y - 0*y - j, 5*u = -5*y + 995. Suppose 172 + y = 3*d. What are the prime factors of d?
2, 31
Let u(j) = -8729*j - 4695. What are the prime factors of u(-7)?
2, 11, 641
Let l(b) = -25*b + 4602. What are the prime factors of l(-106)?
2, 7, 37
Let f(q) = -594*q + 244. Let o(p) = 298*p - 122. Let a(d) = 6*f(d) + 11*o(d). List the prime factors of a(-3).
2, 5, 7
Suppose -2*i + 79862 = -41*w + 37*w, 3*w = 15. List the prime factors of i.
11, 3631
Let r = -1695 + 1095. Let y = 1024 + r. What are the prime factors of y?
2, 53
Let z = -136 + 145. List the prime factors of 1109 + 2*z/(-3).
1103
Let b(a) = -a**3 - 32*a**2 - 126*a + 73. List the prime factors of b(-38).
5, 541
Let y be -3*1 + (-42)/24*-4. Suppose 0 = 2*d + y*w - 418, 3*d - 467 - 200 = 4*w. Let z = d + -136. List the prime factors of z.
3
Let q = 103 - -2765. List the prime factors of q.
2, 3, 239
Let a(y) = -y**3 - 53*y**2 - 247*y - 181. What are the prime factors of a(-51)?
2, 3607
Let k(x) = 7492*x**3 + 15*x**2 - 32*x + 6. What are the prime factors of k(2)?
2, 23, 1303
Let x(d) = 16*d + 92. Let p be x(-8). What are the prime factors of 2*(-747)/p*2?
83
Let p be 0/(-5 + -3 + 9). What are the prime factors of 1161 - 2 - ((p - 2) + 5)?
2, 17
Let q be 3/(-2)*164/(-123). List the prime factors of 1323/14 + (2 + -1)/q.
5, 19
Let v(d) = d**3 - 9*d**2 + 13*d - 7. Let a be v(7). List the prime factors of (-3)/((a/342)/7).
3, 19
Suppose -90*s + 412292 = 11*s + 17*s. List the prime factors of s.
2, 1747
Let r(m) = 1153*m**3 + 48*m**2 - 50*m + 2. List the prime factors of r(1).
1153
Let d(o) = -o + 4. Let j(m) = -6*m + 20. Let g(s) = 16*d(s) - 3*j(s). Let c be g(0). Suppose -c*r + 8 = -12. What are the prime factors of r?
5
Let f = 138 + -63. Let r = -48 + f. What are the prime factors of (r/(-6))/(2/(-4))?
3
Let b = 14555 - -242. List the prime factors of b.
14797
Let q be 6/18*(-3)/(-1). Let n(w) = -32*w**3 + 16*w**3 + 15*w**3 + q. List the prime factors of n(-5).
2, 3, 7
Let u = 27181 - -9848. List the prime factors of u.
3, 12343
Suppose 337 = -15*c - 773. What are the prime factors of (259/c)/((-363)/(-366) - 1)?
7, 61
Let h(f) = 12*f**2 - 6*f - 18. Let o be h(-5). Suppose -2*s = 5*t + 919, 2*s - 40 = t + 151. Let c = t + o. List the prime factors of c.
127
Let f = 9 - -2. Let o be ((-4)/(-5))/(f/((-330)/(-12))). Let j(k) = 6*k**3 - 3*k**2 + 1. List the prime factors of j(o).
37
Let x(j) = 79*j**2 + 132*j - 180. Let t(o) = 27*o**2 + 44*o - 60. Let k(a) = -17*t(a) + 6*x(a). What are the prime factors of k(-11)?
31, 41
List the prime factors of (-2884)/((136/24 + -6)*3).
2, 7, 103
Let a(v) be the first derivative of -2*v + 95/4*v**4 + 1/3*v**3 - 21 + 1/2*v**2. List the prime factors of a(1).
5, 19
Suppose 3*l = -2*h + 8046, l - 2696 = 4*h - 0*h. List the prime factors of l.
2, 11, 61
Let i(u) = -u**3 - 68*u**2 + 809*u - 107. What are the prime factors of i(-79)?
41, 113
Suppose 0 = 40*s - 1330 - 550. List the prime factors of (-1 - s)*-13*(-36)/(-27).
2, 13
Let i = 69 - 65. Let t be (163/i)/(6/24). Let s = 334 - t. What are the prime factors of s?
3, 19
Let f be ((-132)/165)/(((-3)/(-80))/(-3)). Suppose -f*w + 60*w + 312 = 0. List the prime factors of w.
2, 3, 13
Let u(x) = 5*x**2 - 3*x. Let z(o) = o**2 - 1. Let y(g) = u(g) - 3*z(g). Let v be y(3). What are the prime factors of (-40)/(((3/(-1))/v)/1)?
2, 5
Let b = -103447 + 149119. List the prime factors of b.
2, 3, 11, 173
Let p(s) = s**3 - 12*s**2 - 18*s + 19. Let z = 21 + -6. List the prime factors of p(z).
2, 53
Let j(w) = 3*w - 6. Let v be j(4). List the prime factors of (-6352)/(-14) - -3*v/63.
2, 227
Let g(x) = 43*x**3 - 5*x**2 + 39*x + 79. List the prime factors of g(10).
3, 14323
List the prime factors of 854/3*((5 - 21) + 19).
2, 7, 61
What are the prime factors of (-753856)/(-44) - (-59)/(-649)?
3, 5711
List the prime factors of 2/2 + (32713 - -298).
2, 3, 7, 131
Let q(v) be the second derivative of v**5/20 + 3*v**4/2 + 3*v**3 + 15*v**2/2 + 2*v. Let m be q(-9). Let n = m - 406. List the prime factors of n.
2, 11
Suppose -4*w + 38576 = 5*v, v + 0*w + 5*w = 7732. List the prime factors of v.
2, 241
Let x(p) = -8*p - 1 - 7 - 19 - 37*p. List the prime factors of x(-14).
3, 67
Let l(b) = -5*b**3 - b**2 - 3*b - 3. Let i be l(-1). Suppose -i*s + 896 = 5*h - 348, 5*s + 272 = h. List the prime factors of h.
2, 3, 7
Let w = 447 - 201. Let g = 1084 - w. List the prime factors of g.
2, 419
Suppose 69822 + 161735 = 34*m - 66215. What are the prime factors of m?
2, 29, 151
Suppose 78*j + 45390 = 95*j. List the prime factors of j.
2, 3, 5, 89
Suppose 10*w = -88*w + 200018. What are the prime factors of w?
13, 157
Suppose 2*s - 2019 = -2*n + 4483, n = -2*s + 6498. List the prime factors of s.
17, 191
Let k be 4684/(-14) - (-336)/588. What are the prime factors of (48/32)/((-1)/k)?
3, 167
Let n(z) = z**2 - 18*z + 40. Let t be n(16). Suppose -u - 8 = t. List the prime factors of (-4)/u + 498/24.
3, 7
Let w(f) = 9*f**2 - 43*f + 218. List the prime factors of w(21).
2, 821
Let p = -1024 - -715. Let j = p + 163. What are the prime factors of -3*(-4)/(-18) + j/(-3)?
2, 3
Let p = 3771 + -1058. What are the prime factors of p?
2713
Let d be 332/28 - (-1)/7. List the prime factors of (116/d)/(1/45*3).
5, 29
Suppose -5*p + 4*m + 4 = 0, -5*m - 5 = 12*p - 10*p. Suppose p*h - 3*h = -6. Suppose -h*q + 110 = -118. What are the prime factors of q?
2, 3, 19
Suppose 16*i + 128 = -48. What are the prime factors of 3/i - (-815400)/495?
3, 61
Let n = 24653 - 6871. List the prime factors of n.
2, 17, 523
Suppose -4*f + 59 = 5*c, -5*c - 4*f + 53 = -6*f. Let o = c + -9. Suppose -3*b = 2*z - 390, o*z - z + 4*b - 200 = 0. List the prime factors of z.
2, 3
Let c(v) = 1541*v + 2542. What are the prime factors of c(10)?
2, 3, 11, 17
Let j = -4483 - -10554. What are the prime factors of j?
13, 467
Let l(y) = 2500*y + 2242. List the prime factors of l(24).
2, 31121
Suppose 0 = -4*b + 140 + 44. Let i = 51 - b. Suppose -25 = -i*a, n + 3*n - 459 = 5*a. List the prime factors of n.
11
Let h(q) = 1. Let k(m) = -4*m + 19. Let c(l) = -3*h(l) - k(l). Let j be c(7). Suppose 9*i = j*i + 627. What are the prime factors of i?
11, 19
Let c = -2547 - -1265. Let l = -880 - c. List the prime factors of l.
2, 3, 67
Suppose 70 = -32*t + 39*t. Let z(h) = 371*h - 85*h - t - 5. List the prime factors of z(1).
271
Let v(q) = 843*q + 1148. What are the prime factors of v(5)?
31, 173
Let g = 781 - -251. Suppose -35*o + 2503 + g = 0. What are the prime factors of o?
101
Suppose -2*v - w = 34, -3*v - 3*w - 54 = -0*v. Let t = 20 + v. Suppose -3*p + t*p = -4*f + 72, 0 = -3*f + 2*p + 65. What are the prime factors of f?
19
Let o(k) = 431*k**2 - 17*k - 45. List the prime factors of o(-6).
3, 29, 179
Let z = 47 + -42. Suppose -82 - 3 = -z*h - 2*g, 5*g = 2*h - 5. Suppose w - v - h = 0, -2*w = -v - 10 - 17. What are the prime factors of w?
2, 3
Let o(s) = 16*s - 6. Let r be (10/4)/((-13)/(-78)). What are the prime factors of o(r)?
2, 3, 13
Suppose -76*w + 702432 = -28*w. What are the prime factors of w?
2, 3, 271
Suppose 5*a + 3*o - 78 = o, 0 = 2*a + 5*o - 48. Suppose 4*n = 74 - a. Let x = n + 61. List the prime factors of x.
2, 19
Suppose -142*p = -143*p + 2. List the prime factors of p/(-17) + (-77544)/(-204).
2, 5, 19
Let h = -181 + 778. Let i = -389 + h. What are the prime factors of i?
2, 13
Suppose 2*a + 3*z = 